f - 83, 2*f = l - 11. Suppose -2*m - 2*m = -28. Calculate the greatest common divisor of m and l.
7
Suppose -4*b + 6 = -4*w + 2, -5*b = 5*w - 45. What is the highest common divisor of b and 35?
5
Suppose -5*v - z + 24 = 0, 2*z + 14 - 2 = 2*v. Let d(w) = -22*w - 2. Let x be d(-1). Calculate the greatest common factor of v and x.
5
Let c = -1 + 4. Suppose b = -0*b + 5. Suppose -b + 32 = o. What is the greatest common divisor of o and c?
3
Let w be (-52)/(-14) + (-2)/(-7). Suppose 0 = -m + w + 16. Let v(j) = 3*j**2 + 2. Let f be v(-4). Calculate the greatest common divisor of f and m.
10
Suppose -6*x - 22 + 46 = 0. Calculate the greatest common divisor of x and 12.
4
Let q be 44 + 5/(-20)*-4. Let s be (24/(-15))/((-2)/15). Let t = 30 - s. Calculate the greatest common factor of q and t.
9
Let j(u) = 2*u**2 + 3*u - 4. Let a be j(-3). Let w = -5 - -5. Suppose 55 = 3*v - w*v + 4*q, 3*q - 85 = -4*v. What is the greatest common divisor of v and a?
5
Let t = 60 - 36. Let a = 100 - 64. What is the highest common divisor of a and t?
12
Let u be ((-6)/8)/(2/(-24)). Let m = 62 + 28. Calculate the greatest common factor of u and m.
9
Let p(w) be the third derivative of -w**4/24 + w**3/6 - 2*w**2. Let v be p(-3). Suppose -2 - v = -2*b. What is the greatest common factor of 12 and b?
3
Let r(s) = -s**3 + 5*s**2 - 5*s + 2. Suppose 0*t = -4*t + 8. Let w be 16/6 + t/6. Let b be r(w). Calculate the greatest common divisor of b and 2.
1
Let h = 120 + -99. What is the greatest common divisor of 147 and h?
21
Let o(z) = 14*z**3 - 2*z + 1. Let y be o(1). What is the highest common divisor of 91 and y?
13
Let w be (-6)/4*(-12)/9. Suppose 2*x - 69 = -n, -n + w + 104 = 3*x. Let s = x + -23. What is the highest common factor of 14 and s?
14
Let h be ((-7)/(-3) + -2)*12. Suppose 4 = 5*w - h*w - 2*v, 0 = 2*w + 5*v - 8. Calculate the greatest common factor of 36 and w.
4
Suppose -j - 2*k + 184 = 0, -63 - 109 = -j - 5*k. Suppose 4*o - 95 = g, -o - g = -15 - 10. Calculate the greatest common divisor of j and o.
24
Suppose 3*s - g - 64 = 0, -4*s + 85 = g - 2*g. Calculate the greatest common divisor of s and 84.
21
Let q(t) = 2*t - 13. Let f be q(9). Suppose f*k + 17 = -3*v - 0*k, 3*v = k - 29. Let h = v - -15. What is the highest common divisor of 2 and h?
2
Suppose 5*k - 4 = 1. Let f be (2 - 2)/k + 28. Let a be (-3 + 2)*(-2 + -2). What is the highest common factor of a and f?
4
Let i = -13 + 21. Let v be (-14)/(-7) - (-4)/1. Let l = 7 - v. Calculate the greatest common factor of i and l.
1
Let y = 20 - 43. Let a = -12 - y. Let h(b) = -b**3 - 19*b**2 - 35*b - 6. Let u be h(-17). Calculate the greatest common divisor of u and a.
11
Let h(t) = -4*t**2 - 25*t + 3. Let n be h(-6). Calculate the greatest common factor of 15 and n.
3
Suppose -36 = c - 2*c. Let g = -1 - -1. Suppose -3*x + g*x = -c. Calculate the highest common divisor of 60 and x.
12
Let z(f) = -f + 12. Let x be z(7). Let p be -1 + 3 + (1 - -37). Calculate the highest common factor of p and x.
5
Let r(f) = 3*f**2 - 3*f - 5. Let h be r(-2). Calculate the greatest common divisor of h and 117.
13
Suppose 829 = 7*d + 101. Calculate the highest common factor of 8 and d.
8
Let q = -25 - -64. Calculate the highest common divisor of 26 and q.
13
Let b(c) = -3*c + 4. Suppose 4*w + 3*t = 22 - 4, -3*w = 3*t - 12. Let m(x) = -x. Let y be m(w). Let j be b(y). What is the greatest common divisor of j and 220?
22
Let s(i) = -i + 6. Let a be s(-4). Calculate the highest common factor of a and 70.
10
Let h be 1 + (-2 - 2) - -8. Calculate the greatest common factor of 1 and h.
1
Suppose 0 = 3*n + 3 - 111. Suppose -3*h = h - n. Calculate the greatest common divisor of 81 and h.
9
Suppose -3*y + 3 = -117. Suppose -6*w + 38 = -y. Calculate the greatest common factor of 117 and w.
13
Suppose 5*o - 39 = 41. Let p be 362/9 - (-2)/(-9). Calculate the highest common divisor of o and p.
8
Let y(m) = 2*m**2 + 8*m - 6. Let l be y(-6). Suppose 0*h - 18 = -2*u + 2*h, 51 = 3*u + 5*h. Calculate the greatest common divisor of u and l.
6
Suppose -5 = -2*p + n, -4*n = 2*p - n + 15. Let v be 2 - 1*(p - 97). Let y = -12 - -23. What is the highest common factor of y and v?
11
Let t be 3 - 11/(1 - 2). Let k(l) = l**3 + 9*l**2 - 13*l - 2. Let i be k(-10). Calculate the greatest common divisor of t and i.
14
Let q(y) be the second derivative of y**5/10 - y. Let t be q(1). Let u be -3*6/45*-15. Calculate the highest common factor of u and t.
2
Let s = 85 + -25. Suppose 0 = 2*g - 6*g + 12, -123 = -5*j - g. What is the greatest common factor of j and s?
12
Suppose -i - 1 = -6. Suppose -i*o + 667 = -1523. Suppose 4*p - 168 = -2*n, -5*n + o = -0*n + 4*p. What is the greatest common factor of n and 18?
18
Suppose -4*v + 4*b - 5 - 3 = 0, 5*b = -5*v. Let s be ((-3)/v)/(9/15). Calculate the greatest common divisor of 20 and s.
5
Suppose -2*s + 278 = 3*a, -3*a + 5*s + 313 = -0*s. Suppose -b + a = 3*b. Calculate the highest common factor of 16 and b.
8
Let f(i) = 12*i**2 - 5 + 0*i - i**3 + 2 + 3*i. Let m be f(12). Suppose -143 = -2*r + m. Calculate the highest common factor of r and 11.
11
Let t be (-8)/24 + (-49)/6*-2. What is the greatest common divisor of t and 2?
2
Suppose 0 = -285*n + 286*n - 18. What is the greatest common divisor of n and 12?
6
Suppose 9*p - 5 = 4*p. Suppose -3*w = -3*z + 6*z - 27, -w - p = 0. Calculate the highest common factor of 2 and z.
2
Let u(j) = 34*j - 3. Let l be u(2). Suppose 2*h - l = -3*h. Calculate the greatest common factor of h and 143.
13
Let a be (32/6)/(6/(-36)). Let u be (-3)/(0 - (-6)/a). Calculate the greatest common factor of 80 and u.
16
Let x = 2 + -2. Let y = x - -33. Let b = 27 + -16. What is the highest common factor of b and y?
11
Suppose 3*m = 20 + 16. Suppose -2*b - 3*l = -8*l - 34, b + 2*l - 8 = 0. Calculate the greatest common factor of m and b.
12
Suppose -5*d + 10 = 0, 0 = 2*c + 2*c + 4*d - 228. Let h be c/(-10)*1*-2. Calculate the highest common factor of h and 121.
11
Let m = -39 + 47. Calculate the greatest common factor of 1 and m.
1
Suppose -g = 2*g - 33. Let b = 3 - 3. Suppose -5*h + b + 55 = 0. Calculate the greatest common divisor of h and g.
11
Let u be ((-14)/(-3))/(4/198). What is the highest common divisor of 21 and u?
21
Let w(n) = -2*n + 126. Let x be w(0). What is the greatest common divisor of 14 and x?
14
Let h(m) = 13*m - 6. Let p be h(3). Calculate the greatest common divisor of 22 and p.
11
Suppose 0 = s + 3, 6*s - 3*s = 5*q - 4. Let w = 11 + q. Calculate the greatest common factor of w and 25.
5
Let p = -23 - -43. Suppose 0 = r - 25 - 135. Calculate the highest common divisor of r and p.
20
Suppose -4*j + 8*j = 144. What is the greatest common divisor of j and 252?
36
Suppose 12 = -2*b + 5*b. Let q(p) = -8 + 10 - p**3 - 7*p**2 + 8. Let l be q(-7). What is the highest common divisor of l and b?
2
Suppose 153 = -7*z + 10*z. Calculate the greatest common divisor of z and 34.
17
Let w be -2 + 0 + 5*1. Suppose -w*p + 100 = 2*p. Suppose -r + 131 - 11 = 0. Calculate the highest common divisor of r and p.
20
Suppose -2*f - 46 = -4*a, -f = -0*f - 1. What is the highest common divisor of a and 24?
12
Let v(l) = -12*l**2 - 3*l + 3. Let n be v(-4). Let c = n + 273. What is the highest common factor of c and 12?
12
Let a(x) be the first derivative of x**3/3 - 2*x**2 + x - 2. Let n be a(5). What is the highest common factor of 6 and n?
6
Suppose -4*l + 0*l + 272 = 0. Suppose -3*h + l = -h. Let w(p) = -p**2 - 9*p - 3. Let d be w(-5). What is the highest common divisor of d and h?
17
Suppose 5 = w, -o + 160 = -w + 6*w. Calculate the greatest common divisor of o and 15.
15
Let b be 4/14*(161 - 0). What is the highest common factor of 115 and b?
23
Let r be ((-120)/50)/((-2)/5). Let o = 18 - 12. Calculate the greatest common factor of o and r.
6
Let j be ((-225)/15)/(3/(-5)). Calculate the greatest common factor of j and 100.
25
Let h(m) = m**2 - 4*m - 10. Let x be h(10). What is the greatest common divisor of x and 75?
25
Let v be 24/7*(-6 - 131/(-2)). Calculate the highest common factor of v and 12.
12
Let b be (-12)/(((-4)/6)/1). Suppose -b = -u - 4*x, u - x - 39 = -11. What is the highest common divisor of 39 and u?
13
Let s be 17 - (2 + -3 + 0). Let g be ((-3)/3)/(2/(-180)). What is the greatest com